vided by 18159?
995
What is the remainder when 734161 is divided by 57?
1
What is the remainder when 11503785 is divided by 45?
30
What is the remainder when 474522 is divided by 14334?
1500
What is the remainder when 287006 is divided by 63?
41
Calculate the remainder when 10344451 is divided by 1149.
4
What is the remainder when 759542 is divided by 2110?
2052
Calculate the remainder when 32527486 is divided by 123210.
46
What is the remainder when 409902 is divided by 137?
135
What is the remainder when 3505414 is divided by 115?
99
Calculate the remainder when 116000 is divided by 2630.
280
What is the remainder when 5627480 is divided by 2813652?
176
What is the remainder when 47427218 is divided by 8010?
8
What is the remainder when 156834 is divided by 75589?
5656
Calculate the remainder when 21538963 is divided by 261.
199
What is the remainder when 11388152 is divided by 2847019?
76
What is the remainder when 39446174 is divided by 152?
46
Calculate the remainder when 1418703 is divided by 834.
69
What is the remainder when 360595 is divided by 817?
298
What is the remainder when 6079281 is divided by 2683?
2286
What is the remainder when 45110089 is divided by 683?
671
Calculate the remainder when 608671 is divided by 41.
26
What is the remainder when 207808 is divided by 5936?
48
What is the remainder when 2722894 is divided by 73?
67
What is the remainder when 375668216 is divided by 12?
8
Calculate the remainder when 11553 is divided by 11139.
414
Calculate the remainder when 52221369 is divided by 438835.
4
Calculate the remainder when 103877 is divided by 100505.
3372
What is the remainder when 995052 is divided by 148?
48
Calculate the remainder when 44195 is divided by 30.
5
Calculate the remainder when 22534518 is divided by 40.
38
What is the remainder when 86048903 is divided by 1637?
1635
What is the remainder when 28653117 is divided by 5?
2
Calculate the remainder when 4181931 is divided by 433.
17
What is the remainder when 15616 is divided by 1762?
1520
Calculate the remainder when 553018 is divided by 15341.
742
What is the remainder when 8785597 is divided by 377?
366
What is the remainder when 24944142 is divided by 9740?
2
Calculate the remainder when 19210 is divided by 2626.
828
What is the remainder when 3079058 is divided by 86?
0
What is the remainder when 827457 is divided by 3171?
2997
Calculate the remainder when 3383708 is divided by 3383703.
5
What is the remainder when 2327814624 is divided by 2302?
2298
What is the remainder when 1323387 is divided by 136?
107
What is the remainder when 1689374 is divided by 563110?
44
Calculate the remainder when 207296 is divided by 51802.
88
What is the remainder when 698925 is divided by 24941?
577
What is the remainder when 16244051 is divided by 44?
43
What is the remainder when 1304470 is divided by 34319?
348
What is the remainder when 1654356 is divided by 2015?
41
Calculate the remainder when 1165230070 is divided by 72.
70
What is the remainder when 17857619 is divided by 664?
3
Calculate the remainder when 1043920 is divided by 38653.
289
What is the remainder when 6397242 is divided by 56?
26
Calculate the remainder when 4105572 is divided by 639.
636
Calculate the remainder when 353402390 is divided by 19.
15
Calculate the remainder when 13233 is divided by 148.
61
Calculate the remainder when 1579705 is divided by 315817.
620
What is the remainder when 49712 is divided by 8167?
710
Calculate the remainder when 22717986 is divided by 7572660.
6
What is the remainder when 5325229 is divided by 1774946?
391
What is the remainder when 27253846 is divided by 650?
646
Calculate the remainder when 2104262 is divided by 19.
12
What is the remainder when 4612445 is divided by 41553?
62
What is the remainder when 3305140 is divided by 4811?
4794
What is the remainder when 799897 is divided by 399855?
187
Calculate the remainder when 3974750 is divided by 3250.
0
What is the remainder when 1858137 is divided by 206459?
6
Calculate the remainder when 170580 is divided by 170505.
75
Calculate the remainder when 257379 is divided by 654.
357
What is the remainder when 260915 is divided by 5672?
3
Calculate the remainder when 334331 is divided by 516.
479
Calculate the remainder when 327817 is divided by 2392.
113
What is the remainder when 404524 is divided by 141?
136
Calculate the remainder when 2398599 is divided by 218054.
5
What is the remainder when 116630 is divided by 7278?
182
Calculate the remainder when 600036 is divided by 3467.
245
What is the remainder when 29401469 is divided by 177?
176
What is the remainder when 18746459 is divided by 7?
4
What is the remainder when 9656879 is divided by 1609468?
71
Calculate the remainder when 3907005 is divided by 26.
11
Calculate the remainder when 1340348 is divided by 95735.
58
What is the remainder when 6845177 is divided by 24?
17
What is the remainder when 777318 is divided by 259048?
174
Calculate the remainder when 375938 is divided by 11098.
9704
Calculate the remainder when 166780 is divided by 456.
340
Calculate the remainder when 228731971 is divided by 2273.
2254
Calculate the remainder when 1371083 is divided by 857.
740
What is the remainder when 3256117 is divided by 3256106?
11
Calculate the remainder when 273290426 is divided by 92.
10
What is the remainder when 780226124 is divided by 1808?
1804
Calculate the remainder when 116715186 is divided by 518734.
36
What is the remainder when 4865245 is divided by 187124?
21
Calculate the remainder when 2272534 is divided by 5322.
40
Calculate the remainder when 6269887 is divided by 1253967.
52
Calculate the remainder when 724109 is divided by 241364.
17
What is the remainder when 1821732 is divided by 86749?
3
Calculate the remainder when 39622 is divided by 767.
505
Calculate the remainder when 6501585 is divided by 5831.
20
Calculate the remainder when 4071503 is divided by 2046.
2009
Calculate the remainder when 8491 is divided by 8090.
401
What is the remainder when 1892663 is divided by 474?
455
What is the remainder when 570651 is divided by 19?
5
Calculate the remainder when 214227 is divided by 193.
190
Calculate the remainder when 2946517 is divided by 417.
412
Calculate the remainder when 9235694 is divided by 91.
13
Calculate the remainder when 7403964 is divided by 629.
5
Calculate the remainder when 108682283 is divided by 27.
20
What is the remainder when 80418 is divided by 567?
471
What is the remainder when 12901221 is divided by 57853?
2
What is the remainder when 228035 is divided by 6620?
2955
Calculate the remainder when 141693 is divided by 47162.
207
Calculate the remainder when 40883 is divided by 227.
23
What is the remainder when 113257 is divided by 3614?
1223
Calculate the remainder when 992031 is divided by 26105.
41
What is the remainder when 362089469 is divided by 512?
509
What is the remainder when 81451 is divided by 4257?
568
Calculate the remainder when 699483 is divided by 1649.
307
What is the remainder when 378550907 is divided by 1539?
1538
Calculate the remainder when 33017513 is divided by 805305.
8
What is the remainder when 9313340 is divided by 1853?
162
Calculate the remainder when 110018 is divided by 4658.
2884
Calculate the remainder when 301905954 is divided by 22.
20
Calculate the remainder when 88236916 is divided by 2488.
2484
Calculate the remainder when 667063 is divided by 180.
163
What is the remainder when 340776 is divided by 1948?
1824
What is the remainder when 10509268 is divided by 12879?
4
Calculate the remainder when 496111 is divided by 5836.
51
What is the remainder when 79981 is divided by 1646?
973
Calculate the remainder when 9023425 is divided by 39.
34
What is the remainder when 1878271 is divided by 469556?
47
Calculate the remainder when 412572 is divided by 899.
830
What is the remainder when 36248430 is divided by 44?
42
What is the remainder when 8461095 is divided by 253?
16
Calculate the remainder when 1255553 is divided by 92.
29
What is the remainder when 40884635 is divided by 251?
249
Calculate the remainder when 20762315 is divided by 1090.
1085
Calculate the remainder when 832378 is divided by 276620.
2518
Calculate the remainder when 51082 is divided by 6453.
5911
